 + y = 9462. Is f prime?
False
Suppose -7 = -v + g, 3*v - 4*g - 27 = -3. Is 21/(-14) + 2/v + 3990 a prime number?
True
Suppose 2*d + 0*k - 2 = 3*k, 0 = k - 2. Let w(f) = 176*f**3 + 7*f**2 - f - 13. Is w(d) composite?
True
Suppose 329473 = 4*r - 5*y + 109145, 0 = r - 4*y - 55071. Is r composite?
True
Let d(r) be the second derivative of 7*r**5/2 - r**4/6 - 27*r**2/2 + 10*r - 1. Is d(4) a composite number?
False
Suppose 0 = 129*b - 176*b + 833639. Is b a prime number?
True
Let w = 159 + -74. Let h = 85 - w. Is (0 - 1 - (2 - h)) + 152 a prime number?
True
Suppose 345 = 5*y + 140. Suppose 51*u = y*u + 90050. Is u prime?
False
Let b = -122 - -54. Is -4 + b/(-20) + (-39836)/(-10) prime?
False
Suppose -3*f + 113 + 40 = 0. Let u = -41 + f. Suppose 131 + u = 3*x. Is x prime?
True
Let k(n) be the first derivative of 25*n**4/4 - 3*n**3 + 11*n**2/2 + 5*n - 117. Is k(6) composite?
False
Let w be (-1)/(-3) - (-16)/6. Suppose 0 = -w*q + 4 + 5. Suppose -v + q*v = -2*i + 1376, -2071 = -3*i + 4*v. Is i a prime number?
False
Suppose 2*m + 0*w + 16 = -2*w, m + 2*w = -12. Is (19882/m)/(6 + 117/(-18)) composite?
False
Let q(z) = 2*z**2 - 3*z - 10. Let b be q(0). Let f be (2 - 2 - -2)/(b/(-2635)). Let x = f - 258. Is x a prime number?
True
Let m(h) = 206*h + 175. Suppose 24*a = 365 - 5. Is m(a) a prime number?
False
Is ((-95216)/(-64) - 28/4)/((-2)/(-8)) prime?
True
Let c = 88 - 85. Suppose -558 = c*z + 2*o + 144, z = 4*o - 220. Is ((z/3)/(-4))/((-6)/(-477)) a composite number?
True
Let m = 52 + -40. Let p(z) = 4*z + 5*z**2 - 16*z**3 + m*z**2 + 2*z + 1 - 11*z**2. Is p(-3) a composite number?
True
Suppose 0 = t + 2*t - 27. Suppose -i - 27 = -2*w, 2*i = -w + 7 + t. Is 36/(-28) + 1 - (-4022)/w a prime number?
False
Suppose -33*f + 31*f + 10 = 0. Suppose f*o + 344 - 7254 = 0. Suppose -3*m = 4*q - o, m + m - 5*q - 906 = 0. Is m prime?
False
Let o(j) = j**3 - 9*j**2 + j - 1. Let a be o(9). Let n(i) = 20*i + 8 - 10 - 15. Is n(a) composite?
True
Let d(v) = -3*v + 15. Let j be d(-3). Suppose 0*o = -j*o + 9336. Is o a prime number?
True
Suppose 0 = 4*w - 5*u - 4865313, 5*w - 66*u - 6081678 = -65*u. Is w prime?
True
Let g(f) = -5*f**2 - 11*f - 2. Let r be g(-2). Suppose r = 2*c + 10*c - 7572. Is c prime?
True
Let g = -61 + 64. Let p be 42/8 - g/12. Suppose 0 = -p*q - 2*d + 146 + 2103, 1349 = 3*q + d. Is q a composite number?
False
Let g(v) = -3*v - 41. Let l be g(-15). Suppose -3*s + 2*f = -19, l*s - 3*f = 5*s + 12. Suppose -9977 = -s*y - 8*y. Is y composite?
False
Let z(v) = 16351*v + 38. Is z(3) prime?
False
Let w = -281 - -284. Let o(n) = 362*n**2 + 22*n - 31. Is o(w) composite?
True
Suppose 3*v = 2*a - 38048, -3*a = 8*v - 4*v - 57055. Is a a prime number?
False
Let c = 207 + 7518. Let h = 2918 + c. Is h a prime number?
False
Suppose -3*m + 142 = 2*c, -2*m + c = 2*c - 93. Let k = m - 39. Suppose -1704 = -4*g + 5*h, k*h - 62 - 389 = -g. Is g composite?
False
Let p be (-24)/20*(-105)/14. Let d(y) = 80*y**2 + 24*y - 43. Let z(k) = -27*k**2 - 8*k + 14. Let s(g) = 6*d(g) + 17*z(g). Is s(p) prime?
True
Suppose 39*i + 3186 = 42*i. Let v = i - -979. Is v a composite number?
True
Let f(c) be the third derivative of 887*c**5/10 + 7*c**4/12 - 13*c**3/6 - 323*c**2. Is f(1) a prime number?
True
Suppose -1035*g + 5*n - 654479 = -1039*g, 654483 = 4*g + n. Is g a composite number?
False
Suppose 0*i = 4*i + 2*s + 154, 3*s = 5*i + 209. Let k be (-864)/i*(-30)/(-4). Suppose -6*p + 312 = -k. Is p a prime number?
True
Suppose -35*z = -925077 - 4583468. Is z composite?
True
Let x(q) = 292*q - 120. Let o be x(13). Suppose -o = -33*i + 29*i. Is i prime?
True
Suppose 18*z + 42*z = -2*z + 5352026. Is z a composite number?
False
Suppose -4*m - u + 3349793 = 0, -4187233 = -5*m + 510*u - 514*u. Is m a prime number?
False
Is (86455/(-85))/(44/(-748)) a prime number?
True
Let g(o) = -2059*o**3 - 6*o**2 - 11*o + 7. Is g(-3) a prime number?
True
Let u = -410 - -429. Suppose -u*h + 6*h = -3809. Is h composite?
False
Let l(g) = 926*g**2 + 38*g + 115. Let s(d) = -617*d**2 - 25*d - 76. Let k(z) = 5*l(z) + 7*s(z). Is k(-3) a prime number?
True
Let k(r) = 15378*r**2 + 13*r - 112. Is k(5) a composite number?
False
Let k be 63*4*66/28. Let r = 902 - k. Suppose -5*x = -6553 + r. Is x a composite number?
False
Let o be (-1 + -5)*(2 + -1 + -5). Let w be 1227378/o + (-10)/(-8). Is (-42)/189 - (w/(-18) + 0) a composite number?
True
Let h(r) = 3 - 379*r - 767*r**3 - 5*r**2 + 379*r. Is h(-2) prime?
False
Let g(x) = -218 + 218*x + 1136*x - 64*x + 409*x. Is g(9) prime?
True
Let s = 657657 + 56246. Is s prime?
True
Let c(y) = -y**3 + 20*y**2 - 20*y + 33. Let m be c(19). Suppose -m*b + 56 = -7*b. Suppose -q + 29691 = b*q. Is q a prime number?
True
Suppose -5*s = 5*v - 320, -s - 3*v + 6*v = -76. Suppose 514 = -7*i - s. Is 0 + 2 + 0 - i*7 composite?
True
Suppose 0 = 7*f - 3465 + 658. Let z = 7209 + f. Suppose -3*i - 3*t + z = i, 0 = 3*i + 4*t - 5711. Is i composite?
False
Let k = 40370 + 236187. Is k prime?
True
Let o(w) = 392*w + 1. Let y(p) = 1567*p + 4. Let v(m) = -9*o(m) + 2*y(m). Is v(-2) a prime number?
True
Let c be (-4)/6 + (-84)/(-126). Suppose 4*n + 15*n - 88901 = c. Is n a composite number?
False
Let d be (-2)/15*-5*49479. Suppose 5*r + 65985 = 4*s, -2*s - 6*r = -2*r - d. Is s a prime number?
False
Let x(s) = 706*s**3 - 8*s**2 - 6*s - 1. Is x(3) a composite number?
True
Suppose -4*m + 910 = 5*l, -4*m - 23*l + 27*l = -892. Let y(z) = 87*z**2 + 3*z + 2. Let o be y(-3). Let j = o - m. Is j composite?
True
Let r(g) = -g + 70. Let z be r(18). Is 35004/z + (-8)/52 a prime number?
True
Let h = 43657 - 21188. Is h composite?
False
Let i(f) be the first derivative of f**3/3 - f**2/2 - 3*f + 7. Let o be i(-2). Suppose -139 = -o*r - 0*r - 4*q, -r + 47 = q. Is r a composite number?
True
Let j(a) = a**3 - 17*a**2 - 20*a + 36. Let x be j(18). Suppose g = x, 5*g + 232 = 2*s - 290. Suppose 20*c - 17*c = s. Is c a prime number?
False
Suppose -2*w = d - 93146, -w + 26085 = -d - 20482. Is w a prime number?
False
Suppose -7*x - 2*x - x = 0. Suppose -t + 1434 + 61 = x. Suppose -3*u = -t + 430. Is u a composite number?
True
Suppose 3*w + 5*x - 178 = 0, 4*w - 3*x - 240 = -w. Let d = w - 49. Suppose -4*c - d*y = -4008, -4*y = -5*c + 7810 - 2787. Is c a composite number?
True
Let d(b) = 105*b**3 - 2*b**2 + 121*b - 679. Is d(5) a prime number?
True
Suppose 9*q = -297 + 72. Is 10/q + (-106713)/(-45) prime?
True
Let w = -431 + 5190. Is w a prime number?
True
Suppose 114899 = -13*q + 822526 + 27770. Is q a prime number?
True
Suppose -3*d + 337925 = h - 103558, -4*h = 3*d - 441465. Is d a composite number?
False
Let i = -123 - -920. Is i prime?
True
Suppose -g + 3*n = -13, 0 = -4*g - n - 1 + 14. Let p be 11/(4/3384*6). Suppose -4*k + p = k - 4*c, 3*c = g*k - 1240. Is k prime?
True
Let u be (-16)/10*(-405)/(-18). Let a = u + 39. Suppose -4*z + 8612 = h, -a*h = -0*h. Is z composite?
False
Let m(p) = 20*p**2 + 3. Let f be m(4). Let u be (-17)/4 + 2/8. Is 7/(-21) - u/6*f composite?
True
Suppose -7*t - 49 = -14*t. Suppose -s - t*s = -6*s. Suppose h + 2*g - 97 = 0, s = 2*h - 5*g - 143 - 51. Is h prime?
True
Let p = 388067 + -228997. Suppose 3*k + y - 31808 = 2*k, -5*k + 5*y + p = 0. Is k composite?
True
Suppose 0 = 35*z - 180 - 170. Suppose z*d = 45284 - 11274. Is d a prime number?
False
Suppose 24*u - 1386824 = 20*u + 4*s, u - 346727 = 4*s. Is u prime?
True
Let q(v) = -2*v**2 - 2*v + 22. Let r be q(0). Suppose -28*l + r*l + 50658 = 0. Is l a prime number?
True
Let o = 381 + -376. Is (-18714)/(8 + -5 - o) composite?
True
Suppose 0 = 3*o - 18*o + 328155 + 5739120. Is o composite?
True
Let q(t) = t**3 - 11*t**2 + 11*t + 21. Let c be q(10). Let a = c - -27. Is a prime?
False
Let k = -12 + 20. Let t be k/36 - (-10984)/(-18). Let h = -357 - t. Is h prime?
False
Suppose -2*r + 9252 = 2*p, -3*r + 5989 + 12517 = 4*p. Let i = -3295 + p. Let w = -616 + i. Is w prime?
False
Suppose 5*s - 206 = -2*d, 2*d - 3*s - 240 = -18. Let t = 9 + d. Let c = 512 - t. Is c a composite number?
True
Let y(d) = d**2 - 5*d - 4. Suppose -f + 12 = 4. Let c be y(f). Is ((-7604)/20)/((-4)/c) a composite number?
False
Let l(g) = -6*g + 127. Let x be l(0). Suppose x = j - 470. Let s = -288 + j. Is s composite?
True
Suppose -3*y = 4*h - 2544609, -2*y + 1448869 = -h - 247515. Is y co